{"id":415,"date":"2021-09-06T21:07:39","date_gmt":"2021-09-06T19:07:39","guid":{"rendered":"http:\/\/paroisse-gueugnon-toulon.fr\/?page_id=415"},"modified":"2026-04-09T09:40:42","modified_gmt":"2026-04-09T07:40:42","slug":"paroisse","status":"publish","type":"page","link":"https:\/\/paroisse-gueugnon-toulon.fr\/index.php\/paroisse\/","title":{"rendered":"Paroisse"},"content":{"rendered":"<p>[et_pb_section fb_built=\u00a0\u00bb1&Prime; _builder_version=\u00a0\u00bb4.10.1&Prime; _module_preset=\u00a0\u00bbdefault\u00a0\u00bb background_color=\u00a0\u00bb#450051&Prime; min_height=\u00a0\u00bb130px\u00a0\u00bb global_colors_info=\u00a0\u00bb{}\u00a0\u00bb][et_pb_row column_structure=\u00a0\u00bb3_5,2_5&Prime; _builder_version=\u00a0\u00bb4.10.1&Prime; _module_preset=\u00a0\u00bbdefault\u00a0\u00bb custom_margin=\u00a0\u00bb-26px|auto|-68px|auto||\u00a0\u00bb global_colors_info=\u00a0\u00bb{}\u00a0\u00bb][et_pb_column type=\u00a0\u00bb3_5&Prime; _builder_version=\u00a0\u00bb4.10.1&Prime; _module_preset=\u00a0\u00bbdefault\u00a0\u00bb global_colors_info=\u00a0\u00bb{}\u00a0\u00bb][et_pb_text _builder_version=\u00a0\u00bb4.10.1&Prime; _module_preset=\u00a0\u00bbdefault\u00a0\u00bb background_layout=\u00a0\u00bbdark\u00a0\u00bb global_colors_info=\u00a0\u00bb{}\u00a0\u00bb]<\/p>\n<h1>La paroisse<\/h1>\n<p>[\/et_pb_text][\/et_pb_column][et_pb_column type=\u00a0\u00bb2_5&Prime; _builder_version=\u00a0\u00bb4.10.1&Prime; _module_preset=\u00a0\u00bbdefault\u00a0\u00bb global_colors_info=\u00a0\u00bb{}\u00a0\u00bb][et_pb_button button_url=\u00a0\u00bb@ET-DC@eyJkeW5hbWljIjp0cnVlLCJjb250ZW50IjoiaG9tZV91cmwiLCJzZXR0aW5ncyI6e319@\u00a0\u00bb button_text=\u00a0\u00bbRetour \u00e0 l&rsquo;accueil\u00a0\u00bb button_alignment=\u00a0\u00bbright\u00a0\u00bb _builder_version=\u00a0\u00bb4.10.1&Prime; _dynamic_attributes=\u00a0\u00bbbutton_url\u00a0\u00bb _module_preset=\u00a0\u00bbdefault\u00a0\u00bb custom_button=\u00a0\u00bbon\u00a0\u00bb button_text_size=\u00a0\u00bb15px\u00a0\u00bb button_text_color=\u00a0\u00bb#FFFFFF\u00a0\u00bb global_colors_info=\u00a0\u00bb{}\u00a0\u00bb][\/et_pb_button][\/et_pb_column][\/et_pb_row][\/et_pb_section][et_pb_section fb_built=\u00a0\u00bb1&Prime; admin_label=\u00a0\u00bbsection\u00a0\u00bb _builder_version=\u00a0\u00bb4.10.1&Prime; background_color=\u00a0\u00bb#f4f4f4&Prime; global_colors_info=\u00a0\u00bb{}\u00a0\u00bb][et_pb_row _builder_version=\u00a0\u00bb4.10.1&Prime; _module_preset=\u00a0\u00bbdefault\u00a0\u00bb global_colors_info=\u00a0\u00bb{}\u00a0\u00bb][et_pb_column type=\u00a0\u00bb4_4&Prime; _builder_version=\u00a0\u00bb4.10.1&Prime; _module_preset=\u00a0\u00bbdefault\u00a0\u00bb global_colors_info=\u00a0\u00bb{}\u00a0\u00bb][et_pb_text _builder_version=\u00a0\u00bb4.13.0&Prime; _module_preset=\u00a0\u00bbdefault\u00a0\u00bb custom_padding=\u00a0\u00bb12px|||||\u00a0\u00bb global_colors_info=\u00a0\u00bb{}\u00a0\u00bb]<\/p>\n<h1>UNE EQUIPE PRESBYTERALE QUI A EN CHARGE LA PAROISSE<\/h1>\n<p>Elle est plac\u00e9e sous la responsabilit\u00e9 du cur\u00e9, le <strong>P\u00e8re Marc DAHY<\/strong> assist\u00e9 dans cette t\u00e2che par les p\u00e8res\u00a0:<\/p>\n<ul>\n<li>Jean-Fran\u00e7ois DELANGLE,<\/li>\n<li>Claude GAY<\/li>\n<\/ul>\n<p>Elle est compl\u00e9t\u00e9e par deux diacres permanents :<\/p>\n<ul>\n<li>Jean-Luc SAMUEL,<\/li>\n<li>Jean-Claude LYONNE<\/li>\n<\/ul>\n<ul><\/ul>\n<p>[\/et_pb_text][\/et_pb_column][\/et_pb_row][et_pb_row column_structure=\u00a0\u00bb1_2,1_2&Prime; _builder_version=\u00a0\u00bb4.10.1&Prime; _module_preset=\u00a0\u00bbdefault\u00a0\u00bb global_colors_info=\u00a0\u00bb{}\u00a0\u00bb][et_pb_column type=\u00a0\u00bb1_2&Prime; _builder_version=\u00a0\u00bb4.10.1&Prime; _module_preset=\u00a0\u00bbdefault\u00a0\u00bb global_colors_info=\u00a0\u00bb{}\u00a0\u00bb][et_pb_text _builder_version=\u00a0\u00bb4.13.0&Prime; _module_preset=\u00a0\u00bbdefault\u00a0\u00bb global_colors_info=\u00a0\u00bb{}\u00a0\u00bb]<\/p>\n<p>Cette \u00e9quipe a en charge <strong>les deux anciennes Paroisses du Bon Pasteur :<\/strong><\/p>\n<ul>\n<li>Toulon\/Arroux,<\/li>\n<li>Issy l\u2019\u00e9v\u00eaque,<\/li>\n<li>Marly sous Issy,<\/li>\n<li>Grury,<\/li>\n<li>Sainte Radegonde,<\/li>\n<li>Montmort,<\/li>\n<li>La Boulaye,<\/li>\n<li>Saint Eug\u00e8ne<\/li>\n<\/ul>\n<p>[\/et_pb_text][\/et_pb_column][et_pb_column type=\u00a0\u00bb1_2&Prime; _builder_version=\u00a0\u00bb4.10.1&Prime; _module_preset=\u00a0\u00bbdefault\u00a0\u00bb global_colors_info=\u00a0\u00bb{}\u00a0\u00bb][et_pb_text _builder_version=\u00a0\u00bb4.10.1&Prime; _module_preset=\u00a0\u00bbdefault\u00a0\u00bb global_colors_info=\u00a0\u00bb{}\u00a0\u00bb]<\/p>\n<p><strong style=\"font-size: 14px;\">et de Sainte Th\u00e9r\u00e8se :<\/strong><\/p>\n<ul>\n<li>Gueugnon,<\/li>\n<li>Vendenesse sur Arroux,<\/li>\n<li>Uxeau,<\/li>\n<li>Marly sur Arroux,<\/li>\n<li>Chassy,<\/li>\n<li>Clessy<\/li>\n<li>Neuvy Grandchamp<\/li>\n<li>Curdin,<\/li>\n<li>Rigny sur Arroux,<\/li>\n<li>La Chapelle au Mans<\/li>\n<\/ul>\n<p>[\/et_pb_text][\/et_pb_column][\/et_pb_row][\/et_pb_section][et_pb_section fb_built=\u00a0\u00bb1&Prime; _builder_version=\u00a0\u00bb4.10.1&Prime; _module_preset=\u00a0\u00bbdefault\u00a0\u00bb global_colors_info=\u00a0\u00bb{}\u00a0\u00bb][et_pb_row _builder_version=\u00a0\u00bb4.10.1&Prime; _module_preset=\u00a0\u00bbdefault\u00a0\u00bb global_colors_info=\u00a0\u00bb{}\u00a0\u00bb][et_pb_column type=\u00a0\u00bb4_4&Prime; _builder_version=\u00a0\u00bb4.10.1&Prime; _module_preset=\u00a0\u00bbdefault\u00a0\u00bb global_colors_info=\u00a0\u00bb{}\u00a0\u00bb][et_pb_text _builder_version=\u00a0\u00bb4.10.1&Prime; _module_preset=\u00a0\u00bbdefault\u00a0\u00bb min_height=\u00a0\u00bb272px\u00a0\u00bb global_colors_info=\u00a0\u00bb{}\u00a0\u00bb]<\/p>\n<h2><strong>\u00a0Ils sont assist\u00e9s par deux conseils :<\/strong><\/h2>\n<p><span style=\"font-size: large;\"><strong>L\u2019 Equipe d\u2019Animation Pastorale (l\u2019EAP)<br \/><\/strong><\/span> a pour mission de mettre en \u0153uvre les orientations et projets paroissiaux et d&rsquo;assurer une bonne communication entre les diff\u00e9rents responsables des activit\u00e9s paroissiales. Compos\u00e9e d&rsquo;une dizaine de b\u00e9n\u00e9voles, choisis par le Cur\u00e9, elle assiste le cur\u00e9 et les pr\u00eatres.<\/p>\n<p><span style=\"font-size: large;\"><strong>Le conseil Economique\u00a0:<\/strong><\/span><\/p>\n<ul>\n<li>Il est charg\u00e9 d&rsquo;assister le cur\u00e9 dans la gestion financi\u00e8re de la paroisse. Il doit\u00a0 proposer des choix.Il est compos\u00e9 d\u2019un tr\u00e9sorier, d\u2019un rapporteur et d\u2019une \u00e9quipe d\u2019une vingtaine de personnes.\u00a0<\/li>\n<li>La partie Comptabilit\u00e9\u00a0 est g\u00e9r\u00e9e par\u00a0 Myriam Labaune.<\/li>\n<\/ul>\n<p>[\/et_pb_text][\/et_pb_column][\/et_pb_row][\/et_pb_section][et_pb_section fb_built=\u00a0\u00bb1&Prime; _builder_version=\u00a0\u00bb4.13.0&Prime; _module_preset=\u00a0\u00bbdefault\u00a0\u00bb min_height=\u00a0\u00bb372px\u00a0\u00bb custom_margin=\u00a0\u00bb4px|||||\u00a0\u00bb custom_padding=\u00a0\u00bb0px|||||\u00a0\u00bb global_colors_info=\u00a0\u00bb{}\u00a0\u00bb][\/et_pb_section][et_pb_section fb_built=\u00a0\u00bb1&Prime; fullwidth=\u00a0\u00bbon\u00a0\u00bb _builder_version=\u00a0\u00bb4.10.1&Prime; _module_preset=\u00a0\u00bbdefault\u00a0\u00bb min_height=\u00a0\u00bb430px\u00a0\u00bb global_colors_info=\u00a0\u00bb{}\u00a0\u00bb][et_pb_fullwidth_header title=\u00a0\u00bbT\u00e9l\u00e9charger les horaires de messes\u00a0\u00bb text_orientation=\u00a0\u00bbcenter\u00a0\u00bb button_one_text=\u00a0\u00bbVoir le pdf\u00a0\u00bb button_one_url=\u00a0\u00bbhttps:\/\/paroisse-gueugnon-toulon.fr\/wp-content\/uploads\/2026\/04\/Copie-de-messes-du-22-fev-au-10-mai-2026-4.pdf\u00a0\u00bb _builder_version=\u00a0\u00bb4.13.0&Prime; _module_preset=\u00a0\u00bbdefault\u00a0\u00bb background_color=\u00a0\u00bb#450051&Prime; custom_margin=\u00a0\u00bb-314px|||||\u00a0\u00bb hover_enabled=\u00a0\u00bb0&Prime; global_colors_info=\u00a0\u00bb{}\u00a0\u00bb sticky_enabled=\u00a0\u00bb0&Prime;]<\/p>\n<p>Horaires du samedi 28 f\u00e9vrier au dimanche 10 mai 2026<\/p>\n<p>[\/et_pb_fullwidth_header][\/et_pb_section]<\/p>\n","protected":false},"excerpt":{"rendered":"<p>La paroisseUNE EQUIPE PRESBYTERALE QUI A EN CHARGE LA PAROISSE Elle est plac\u00e9e sous la responsabilit\u00e9 du cur\u00e9, le P\u00e8re Marc DAHY assist\u00e9 dans cette t\u00e2che par les p\u00e8res\u00a0: Jean-Fran\u00e7ois DELANGLE, Claude GAY Elle est compl\u00e9t\u00e9e par deux diacres permanents : Jean-Luc SAMUEL, Jean-Claude LYONNE Cette \u00e9quipe a en charge les deux anciennes Paroisses du [&hellip;]<\/p>\n","protected":false},"author":1,"featured_media":0,"parent":0,"menu_order":0,"comment_status":"closed","ping_status":"closed","template":"","meta":{"_et_pb_use_builder":"on","_et_pb_old_content":"","_et_gb_content_width":""},"_links":{"self":[{"href":"https:\/\/paroisse-gueugnon-toulon.fr\/index.php\/wp-json\/wp\/v2\/pages\/415"}],"collection":[{"href":"https:\/\/paroisse-gueugnon-toulon.fr\/index.php\/wp-json\/wp\/v2\/pages"}],"about":[{"href":"https:\/\/paroisse-gueugnon-toulon.fr\/index.php\/wp-json\/wp\/v2\/types\/page"}],"author":[{"embeddable":true,"href":"https:\/\/paroisse-gueugnon-toulon.fr\/index.php\/wp-json\/wp\/v2\/users\/1"}],"replies":[{"embeddable":true,"href":"https:\/\/paroisse-gueugnon-toulon.fr\/index.php\/wp-json\/wp\/v2\/comments?post=415"}],"version-history":[{"count":66,"href":"https:\/\/paroisse-gueugnon-toulon.fr\/index.php\/wp-json\/wp\/v2\/pages\/415\/revisions"}],"predecessor-version":[{"id":5802,"href":"https:\/\/paroisse-gueugnon-toulon.fr\/index.php\/wp-json\/wp\/v2\/pages\/415\/revisions\/5802"}],"wp:attachment":[{"href":"https:\/\/paroisse-gueugnon-toulon.fr\/index.php\/wp-json\/wp\/v2\/media?parent=415"}],"curies":[{"name":"wp","href":"https:\/\/api.w.org\/{rel}","templated":true}]}}